{"id":358,"date":"2025-05-09T10:10:52","date_gmt":"2025-05-09T10:10:52","guid":{"rendered":"https:\/\/wehrgmbh.de\/?page_id=358"},"modified":"2025-09-09T10:04:26","modified_gmt":"2025-09-09T10:04:26","slug":"impressum","status":"publish","type":"page","link":"https:\/\/wehrgmbh.de\/?page_id=358","title":{"rendered":"Impressum"},"content":{"rendered":"<p>[et_pb_section fb_built=&#8220;1&#8243; _builder_version=&#8220;4.24.0&#8243; _module_preset=&#8220;default&#8220; background_image=&#8220;https:\/\/wehrgmbh.de\/wp-content\/uploads\/2024\/02\/image_header_m4.jpg&#8220; module_alignment=&#8220;center&#8220; min_height=&#8220;500px&#8220; min_height_tablet=&#8220;340px&#8220; min_height_phone=&#8220;340px&#8220; min_height_last_edited=&#8220;on|phone&#8220; global_colors_info=&#8220;{}&#8220;][et_pb_row _builder_version=&#8220;4.24.0&#8243; _module_preset=&#8220;default&#8220; global_colors_info=&#8220;{}&#8220;][et_pb_column type=&#8220;4_4&#8243; _builder_version=&#8220;4.24.0&#8243; _module_preset=&#8220;default&#8220; global_colors_info=&#8220;{}&#8220;][et_pb_text _builder_version=&#8220;4.24.0&#8243; _module_preset=&#8220;default&#8220; header_text_color=&#8220;#FFFFFF&#8220; header_font_size=&#8220;60px&#8220; header_line_height=&#8220;1.6em&#8220; header_font_size_tablet=&#8220;46px&#8220; header_font_size_phone=&#8220;24px&#8220; header_font_size_last_edited=&#8220;on|phone&#8220; global_colors_info=&#8220;{}&#8220;]<\/p>\n<h1 style=\"text-align: center;\">Impressum<\/h1>\n<p>[\/et_pb_text][\/et_pb_column][\/et_pb_row][\/et_pb_section][et_pb_section fb_built=&#8220;1&#8243; _builder_version=&#8220;4.24.0&#8243; _module_preset=&#8220;default&#8220; background_color=&#8220;#FFFFFF&#8220; custom_padding=&#8220;0px||0px||false|false&#8220; global_colors_info=&#8220;{}&#8220;][et_pb_row column_structure=&#8220;1_5,1_5,1_5,1_5,1_5&#8243; disabled_on=&#8220;on|on|off&#8220; _builder_version=&#8220;4.27.4&#8243; _module_preset=&#8220;default&#8220; custom_padding=&#8220;||27px|||&#8220; global_colors_info=&#8220;{}&#8220;][et_pb_column type=&#8220;1_5&#8243; _builder_version=&#8220;4.27.4&#8243; _module_preset=&#8220;default&#8220; link_option_url=&#8220;https:\/\/wehrgmbh.de\/#nutzvieh&#8220; global_colors_info=&#8220;{}&#8220;][et_pb_image src=&#8220;https:\/\/wehrgmbh.de\/wp-content\/uploads\/2024\/02\/image_navi_120px-2024-nutzvieh-b.jpg&#8220; title_text=&#8220;image_navi_120px-2024-nutzvieh-a&#8220; _builder_version=&#8220;4.24.0&#8243; _module_preset=&#8220;535bc379-d7af-4000-a048-5b0deb0f695d&#8220; global_colors_info=&#8220;{}&#8220; src__hover_enabled=&#8220;on|hover&#8220; src__hover=&#8220;https:\/\/wehrgmbh.de\/wp-content\/uploads\/2024\/02\/image_navi_120px-2024-nutzvieh-a.jpg&#8220;][\/et_pb_image][et_pb_text _builder_version=&#8220;4.24.0&#8243; _module_preset=&#8220;01757406-c1d7-4578-aae3-89572954e97a&#8220; global_colors_info=&#8220;{}&#8220;]<\/p>\n<p>Nutz- und Zuchtvieh<\/p>\n<p>[\/et_pb_text][\/et_pb_column][et_pb_column type=&#8220;1_5&#8243; _builder_version=&#8220;4.27.4&#8243; _module_preset=&#8220;default&#8220; link_option_url=&#8220;https:\/\/wehrgmbh.de\/#schlachtvieh&#8220; global_colors_info=&#8220;{}&#8220;][et_pb_image src=&#8220;https:\/\/wehrgmbh.de\/wp-content\/uploads\/2024\/02\/image_navi_120px-2024-m3b.jpg&#8220; title_text=&#8220;image_navi_120px-2024-m3a&#8220; url=&#8220;https:\/\/wehrgmbh.de\/#schlachtvieh&#8220; _builder_version=&#8220;4.24.0&#8243; _module_preset=&#8220;535bc379-d7af-4000-a048-5b0deb0f695d&#8220; global_colors_info=&#8220;{}&#8220; src__hover_enabled=&#8220;on|hover&#8220; src__hover=&#8220;https:\/\/wehrgmbh.de\/wp-content\/uploads\/2024\/02\/image_navi_120px-2024-m3a.jpg&#8220;][\/et_pb_image][et_pb_text _builder_version=&#8220;4.24.0&#8243; _module_preset=&#8220;01757406-c1d7-4578-aae3-89572954e97a&#8220; global_colors_info=&#8220;{}&#8220;]<\/p>\n<p>Schlachtvieh<\/p>\n<p>[\/et_pb_text][\/et_pb_column][et_pb_column type=&#8220;1_5&#8243; _builder_version=&#8220;4.27.4&#8243; _module_preset=&#8220;default&#8220; link_option_url=&#8220;https:\/\/wehrgmbh.de\/#angebote&#8220; global_colors_info=&#8220;{}&#8220;][et_pb_image src=&#8220;https:\/\/wehrgmbh.de\/wp-content\/uploads\/2024\/02\/image_navi_120px-2024-m1b.jpg&#8220; title_text=&#8220;image_navi_120px-2024-m1a&#8220; _builder_version=&#8220;4.24.0&#8243; _module_preset=&#8220;535bc379-d7af-4000-a048-5b0deb0f695d&#8220; global_colors_info=&#8220;{}&#8220; src__hover_enabled=&#8220;on|hover&#8220; src__hover=&#8220;https:\/\/wehrgmbh.de\/wp-content\/uploads\/2024\/02\/image_navi_120px-2024-m1a.jpg&#8220;][\/et_pb_image][et_pb_text _builder_version=&#8220;4.24.0&#8243; _module_preset=&#8220;01757406-c1d7-4578-aae3-89572954e97a&#8220; global_colors_info=&#8220;{}&#8220;]<\/p>\n<p>Angebote<\/p>\n<p>[\/et_pb_text][\/et_pb_column][et_pb_column type=&#8220;1_5&#8243; _builder_version=&#8220;4.27.4&#8243; _module_preset=&#8220;default&#8220; link_option_url=&#8220;https:\/\/wehrgmbh.de\/#aktuelles&#8220; global_colors_info=&#8220;{}&#8220;][et_pb_image src=&#8220;https:\/\/wehrgmbh.de\/wp-content\/uploads\/2024\/02\/image_navi_120px-2024-aktuell-b.jpg&#8220; title_text=&#8220;image_navi_120px-2024-aktuell-a&#8220; _builder_version=&#8220;4.24.0&#8243; _module_preset=&#8220;535bc379-d7af-4000-a048-5b0deb0f695d&#8220; global_colors_info=&#8220;{}&#8220; src__hover_enabled=&#8220;on|hover&#8220; src__hover=&#8220;https:\/\/wehrgmbh.de\/wp-content\/uploads\/2024\/02\/image_navi_120px-2024-aktuell-a.jpg&#8220;][\/et_pb_image][et_pb_text _builder_version=&#8220;4.24.0&#8243; _module_preset=&#8220;01757406-c1d7-4578-aae3-89572954e97a&#8220; global_colors_info=&#8220;{}&#8220;]<\/p>\n<p>Aktuelles<\/p>\n<p>[\/et_pb_text][\/et_pb_column][et_pb_column type=&#8220;1_5&#8243; _builder_version=&#8220;4.27.4&#8243; _dynamic_attributes=&#8220;link_option_url&#8220; _module_preset=&#8220;default&#8220; link_option_url=&#8220;@ET-DC@eyJkeW5hbWljIjp0cnVlLCJjb250ZW50IjoicG9zdF9saW5rX3VybF9wYWdlIiwic2V0dGluZ3MiOnsicG9zdF9pZCI6IjE3MSJ9fQ==@&#8220; global_colors_info=&#8220;{}&#8220;][et_pb_image src=&#8220;https:\/\/wehrgmbh.de\/wp-content\/uploads\/2024\/02\/image_navi_120px-2024-fuhrpark-b.jpg&#8220; title_text=&#8220;image_navi_120px-2024-fuhrpark-a&#8220; src_last_edited=&#8220;off|desktop&#8220; _builder_version=&#8220;4.24.0&#8243; _module_preset=&#8220;535bc379-d7af-4000-a048-5b0deb0f695d&#8220; global_colors_info=&#8220;{}&#8220; src__hover_enabled=&#8220;on|hover&#8220; src__hover=&#8220;https:\/\/wehrgmbh.de\/wp-content\/uploads\/2024\/02\/image_navi_120px-2024-fuhrpark-a.jpg&#8220;][\/et_pb_image][et_pb_text _builder_version=&#8220;4.24.0&#8243; _module_preset=&#8220;01757406-c1d7-4578-aae3-89572954e97a&#8220; global_colors_info=&#8220;{}&#8220;]<\/p>\n<p>\u00dcber uns<\/p>\n<p>[\/et_pb_text][\/et_pb_column][\/et_pb_row][\/et_pb_section][et_pb_section fb_built=&#8220;1&#8243; _builder_version=&#8220;4.24.0&#8243; _module_preset=&#8220;default&#8220; custom_padding=&#8220;0px||10px||false|false&#8220; global_colors_info=&#8220;{}&#8220;][et_pb_row _builder_version=&#8220;4.24.0&#8243; _module_preset=&#8220;default&#8220; global_colors_info=&#8220;{}&#8220;][et_pb_column type=&#8220;4_4&#8243; _builder_version=&#8220;4.24.0&#8243; _module_preset=&#8220;default&#8220; global_colors_info=&#8220;{}&#8220;][et_pb_text _builder_version=&#8220;4.27.4&#8243; _module_preset=&#8220;default&#8220; hover_enabled=&#8220;0&#8243; global_colors_info=&#8220;{}&#8220; sticky_enabled=&#8220;0&#8243;]<\/p>\n<h3>Impressum<\/h3>\n<p>Wehr GmbH Nutz- und Schlachtviehhandlung<br \/>Dr. Boer Stra\u00dfe 3<br \/>97215 Uffenheim<br \/>Handelsregister: HRB 4961<br \/>Registergericht: Amtsgericht F\u00fchrt<\/p>\n<p><strong>Vertreten durch:<\/strong><br \/>Hans Georg Wehr<br \/>Anne Wehr<\/p>\n<h4>Kontakt<\/h4>\n<p>Telefon: 09842 404<br \/>E-Mail: info@wehrgmbh.de<\/p>\n<h4>Umsatzsteuer-ID<\/h4>\n<p>Umsatzsteuer-Identifikationsnummer gem\u00e4\u00df \u00a7 27 a Umsatzsteuergesetz: DE 812 009 011<\/p>\n<h4>Angaben zur Berufs\u00adhaftpflicht\u00adversicherung<\/h4>\n<p><strong>Name und Sitz des Versicherers:<\/strong><br \/>R+V Versicherung Volker Gr\u00fcnes, 97215 Uffenheim<\/p>\n<h4>Verbraucher\u00adstreit\u00adbeilegung\/Universal\u00adschlichtungs\u00adstelle<\/h4>\n<p>Wir sind nicht bereit oder verpflichtet, an Streitbeilegungsverfahren vor einer Verbraucherschlichtungsstelle teilzunehmen.<\/p>\n<p>Quelle: <a href=\"https:\/\/www.e-recht24.de\">e-recht24.de<\/a><\/p>\n<p>[\/et_pb_text][\/et_pb_column][\/et_pb_row][\/et_pb_section]<\/p>\n","protected":false},"excerpt":{"rendered":"<p>ImpressumNutz- und ZuchtviehSchlachtviehAngeboteAktuelles\u00dcber unsImpressum Wehr GmbH Nutz- und SchlachtviehhandlungDr. Boer Stra\u00dfe 397215 UffenheimHandelsregister: HRB 4961Registergericht: Amtsgericht F\u00fchrt Vertreten durch:Hans Georg WehrAnne Wehr Kontakt Telefon: 09842 404E-Mail: info@wehrgmbh.de Umsatzsteuer-ID Umsatzsteuer-Identifikationsnummer gem\u00e4\u00df \u00a7 27 a Umsatzsteuergesetz: DE 812 009 011 Angaben zur Berufs\u00adhaftpflicht\u00adversicherung Name und Sitz des Versicherers:R+V Versicherung Volker Gr\u00fcnes, 97215 Uffenheim Verbraucher\u00adstreit\u00adbeilegung\/Universal\u00adschlichtungs\u00adstelle Wir sind nicht [&hellip;]<\/p>\n","protected":false},"author":2,"featured_media":0,"parent":0,"menu_order":0,"comment_status":"closed","ping_status":"closed","template":"","meta":{"_et_pb_use_builder":"on","_et_pb_old_content":"","_et_gb_content_width":"","footnotes":""},"class_list":["post-358","page","type-page","status-publish","hentry"],"_links":{"self":[{"href":"https:\/\/wehrgmbh.de\/index.php?rest_route=\/wp\/v2\/pages\/358","targetHints":{"allow":["GET"]}}],"collection":[{"href":"https:\/\/wehrgmbh.de\/index.php?rest_route=\/wp\/v2\/pages"}],"about":[{"href":"https:\/\/wehrgmbh.de\/index.php?rest_route=\/wp\/v2\/types\/page"}],"author":[{"embeddable":true,"href":"https:\/\/wehrgmbh.de\/index.php?rest_route=\/wp\/v2\/users\/2"}],"replies":[{"embeddable":true,"href":"https:\/\/wehrgmbh.de\/index.php?rest_route=%2Fwp%2Fv2%2Fcomments&post=358"}],"version-history":[{"count":6,"href":"https:\/\/wehrgmbh.de\/index.php?rest_route=\/wp\/v2\/pages\/358\/revisions"}],"predecessor-version":[{"id":399,"href":"https:\/\/wehrgmbh.de\/index.php?rest_route=\/wp\/v2\/pages\/358\/revisions\/399"}],"wp:attachment":[{"href":"https:\/\/wehrgmbh.de\/index.php?rest_route=%2Fwp%2Fv2%2Fmedia&parent=358"}],"curies":[{"name":"wp","href":"https:\/\/api.w.org\/{rel}","templated":true}]}}

<p>[et_pb_section fb_built=&#8220;1&#8243; _builder_version=&#8220;4.24.0&#8243; _module_preset=&#8220;default&#8220; background_image=&#8220;https://wehrgmbh.de/wp-content/uploads/2024/02/image_header_m4.jpg&#8220; module_alignment=&#8220;center&#8220; min_height=&#8220;500px&#8220; min_height_tablet=&#8220;340px&#8220; min_height_phone=&#8220;340px&#8220; min_height_last_edited=&#8220;on|phone&#8220; global_colors_info=&#8220;{}&#8220;][et_pb_row _builder_version=&#8220;4.24.0&#8243; _module_preset=&#8220;default&#8220; global_colors_info=&#8220;{}&#8220;][et_pb_column type=&#8220;4_4&#8243; _builder_version=&#8220;4.24.0&#8243; _module_preset=&#8220;default&#8220; global_colors_info=&#8220;{}&#8220;][et_pb_text _builder_version=&#8220;4.24.0&#8243; _module_preset=&#8220;default&#8220; header_text_color=&#8220;#FFFFFF&#8220; header_font_size=&#8220;60px&#8220; header_line_height=&#8220;1.6em&#8220; header_font_size_tablet=&#8220;46px&#8220; header_font_size_phone=&#8220;24px&#8220; header_font_size_last_edited=&#8220;on|phone&#8220; global_colors_info=&#8220;{}&#8220;]</p>
<h1 style="text-align: center;">Impressum</h1>
<p>[/et_pb_text][/et_pb_column][/et_pb_row][/et_pb_section][et_pb_section fb_built=&#8220;1&#8243; _builder_version=&#8220;4.24.0&#8243; _module_preset=&#8220;default&#8220; background_color=&#8220;#FFFFFF&#8220; custom_padding=&#8220;0px||0px||false|false&#8220; global_colors_info=&#8220;{}&#8220;][et_pb_row column_structure=&#8220;1_5,1_5,1_5,1_5,1_5&#8243; disabled_on=&#8220;on|on|off&#8220; _builder_version=&#8220;4.27.4&#8243; _module_preset=&#8220;default&#8220; custom_padding=&#8220;||27px|||&#8220; global_colors_info=&#8220;{}&#8220;][et_pb_column type=&#8220;1_5&#8243; _builder_version=&#8220;4.27.4&#8243; _module_preset=&#8220;default&#8220; link_option_url=&#8220;https://wehrgmbh.de/#nutzvieh&#8220; global_colors_info=&#8220;{}&#8220;][et_pb_image src=&#8220;https://wehrgmbh.de/wp-content/uploads/2024/02/image_navi_120px-2024-nutzvieh-b.jpg&#8220; title_text=&#8220;image_navi_120px-2024-nutzvieh-a&#8220; _builder_version=&#8220;4.24.0&#8243; _module_preset=&#8220;535bc379-d7af-4000-a048-5b0deb0f695d&#8220; global_colors_info=&#8220;{}&#8220; src__hover_enabled=&#8220;on|hover&#8220; src__hover=&#8220;https://wehrgmbh.de/wp-content/uploads/2024/02/image_navi_120px-2024-nutzvieh-a.jpg&#8220;][/et_pb_image][et_pb_text _builder_version=&#8220;4.24.0&#8243; _module_preset=&#8220;01757406-c1d7-4578-aae3-89572954e97a&#8220; global_colors_info=&#8220;{}&#8220;]</p>
<p>Nutz- und Zuchtvieh</p>
<p>[/et_pb_text][/et_pb_column][et_pb_column type=&#8220;1_5&#8243; _builder_version=&#8220;4.27.4&#8243; _module_preset=&#8220;default&#8220; link_option_url=&#8220;https://wehrgmbh.de/#schlachtvieh&#8220; global_colors_info=&#8220;{}&#8220;][et_pb_image src=&#8220;https://wehrgmbh.de/wp-content/uploads/2024/02/image_navi_120px-2024-m3b.jpg&#8220; title_text=&#8220;image_navi_120px-2024-m3a&#8220; url=&#8220;https://wehrgmbh.de/#schlachtvieh&#8220; _builder_version=&#8220;4.24.0&#8243; _module_preset=&#8220;535bc379-d7af-4000-a048-5b0deb0f695d&#8220; global_colors_info=&#8220;{}&#8220; src__hover_enabled=&#8220;on|hover&#8220; src__hover=&#8220;https://wehrgmbh.de/wp-content/uploads/2024/02/image_navi_120px-2024-m3a.jpg&#8220;][/et_pb_image][et_pb_text _builder_version=&#8220;4.24.0&#8243; _module_preset=&#8220;01757406-c1d7-4578-aae3-89572954e97a&#8220; global_colors_info=&#8220;{}&#8220;]</p>
<p>Schlachtvieh</p>
<p>[/et_pb_text][/et_pb_column][et_pb_column type=&#8220;1_5&#8243; _builder_version=&#8220;4.27.4&#8243; _module_preset=&#8220;default&#8220; link_option_url=&#8220;https://wehrgmbh.de/#angebote&#8220; global_colors_info=&#8220;{}&#8220;][et_pb_image src=&#8220;https://wehrgmbh.de/wp-content/uploads/2024/02/image_navi_120px-2024-m1b.jpg&#8220; title_text=&#8220;image_navi_120px-2024-m1a&#8220; _builder_version=&#8220;4.24.0&#8243; _module_preset=&#8220;535bc379-d7af-4000-a048-5b0deb0f695d&#8220; global_colors_info=&#8220;{}&#8220; src__hover_enabled=&#8220;on|hover&#8220; src__hover=&#8220;https://wehrgmbh.de/wp-content/uploads/2024/02/image_navi_120px-2024-m1a.jpg&#8220;][/et_pb_image][et_pb_text _builder_version=&#8220;4.24.0&#8243; _module_preset=&#8220;01757406-c1d7-4578-aae3-89572954e97a&#8220; global_colors_info=&#8220;{}&#8220;]</p>
<p>Angebote</p>
<p>[/et_pb_text][/et_pb_column][et_pb_column type=&#8220;1_5&#8243; _builder_version=&#8220;4.27.4&#8243; _module_preset=&#8220;default&#8220; link_option_url=&#8220;https://wehrgmbh.de/#aktuelles&#8220; global_colors_info=&#8220;{}&#8220;][et_pb_image src=&#8220;https://wehrgmbh.de/wp-content/uploads/2024/02/image_navi_120px-2024-aktuell-b.jpg&#8220; title_text=&#8220;image_navi_120px-2024-aktuell-a&#8220; _builder_version=&#8220;4.24.0&#8243; _module_preset=&#8220;535bc379-d7af-4000-a048-5b0deb0f695d&#8220; global_colors_info=&#8220;{}&#8220; src__hover_enabled=&#8220;on|hover&#8220; src__hover=&#8220;https://wehrgmbh.de/wp-content/uploads/2024/02/image_navi_120px-2024-aktuell-a.jpg&#8220;][/et_pb_image][et_pb_text _builder_version=&#8220;4.24.0&#8243; _module_preset=&#8220;01757406-c1d7-4578-aae3-89572954e97a&#8220; global_colors_info=&#8220;{}&#8220;]</p>
<p>Aktuelles</p>
<p>[/et_pb_text][/et_pb_column][et_pb_column type=&#8220;1_5&#8243; _builder_version=&#8220;4.27.4&#8243; _dynamic_attributes=&#8220;link_option_url&#8220; _module_preset=&#8220;default&#8220; link_option_url=&#8220;@ET-DC@eyJkeW5hbWljIjp0cnVlLCJjb250ZW50IjoicG9zdF9saW5rX3VybF9wYWdlIiwic2V0dGluZ3MiOnsicG9zdF9pZCI6IjE3MSJ9fQ==@&#8220; global_colors_info=&#8220;{}&#8220;][et_pb_image src=&#8220;https://wehrgmbh.de/wp-content/uploads/2024/02/image_navi_120px-2024-fuhrpark-b.jpg&#8220; title_text=&#8220;image_navi_120px-2024-fuhrpark-a&#8220; src_last_edited=&#8220;off|desktop&#8220; _builder_version=&#8220;4.24.0&#8243; _module_preset=&#8220;535bc379-d7af-4000-a048-5b0deb0f695d&#8220; global_colors_info=&#8220;{}&#8220; src__hover_enabled=&#8220;on|hover&#8220; src__hover=&#8220;https://wehrgmbh.de/wp-content/uploads/2024/02/image_navi_120px-2024-fuhrpark-a.jpg&#8220;][/et_pb_image][et_pb_text _builder_version=&#8220;4.24.0&#8243; _module_preset=&#8220;01757406-c1d7-4578-aae3-89572954e97a&#8220; global_colors_info=&#8220;{}&#8220;]</p>
<p>Über uns</p>
<p>[/et_pb_text][/et_pb_column][/et_pb_row][/et_pb_section][et_pb_section fb_built=&#8220;1&#8243; _builder_version=&#8220;4.24.0&#8243; _module_preset=&#8220;default&#8220; custom_padding=&#8220;0px||10px||false|false&#8220; global_colors_info=&#8220;{}&#8220;][et_pb_row _builder_version=&#8220;4.24.0&#8243; _module_preset=&#8220;default&#8220; global_colors_info=&#8220;{}&#8220;][et_pb_column type=&#8220;4_4&#8243; _builder_version=&#8220;4.24.0&#8243; _module_preset=&#8220;default&#8220; global_colors_info=&#8220;{}&#8220;][et_pb_text _builder_version=&#8220;4.27.4&#8243; _module_preset=&#8220;default&#8220; hover_enabled=&#8220;0&#8243; global_colors_info=&#8220;{}&#8220; sticky_enabled=&#8220;0&#8243;]</p>
<h3>Impressum</h3>
<p>Wehr GmbH Nutz- und Schlachtviehhandlung<br />Dr. Boer Straße 3<br />97215 Uffenheim<br />Handelsregister: HRB 4961<br />Registergericht: Amtsgericht Führt</p>
<p><strong>Vertreten durch:</strong><br />Hans Georg Wehr<br />Anne Wehr</p>
<h4>Kontakt</h4>
<p>Telefon: 09842 404<br />E-Mail: info@wehrgmbh.de</p>
<h4>Umsatzsteuer-ID</h4>
<p>Umsatzsteuer-Identifikationsnummer gemäß § 27 a Umsatzsteuergesetz: DE 812 009 011</p>
<h4>Angaben zur Berufs­haftpflicht­versicherung</h4>
<p><strong>Name und Sitz des Versicherers:</strong><br />R+V Versicherung Volker Grünes, 97215 Uffenheim</p>
<h4>Verbraucher­streit­beilegung/Universal­schlichtungs­stelle</h4>
<p>Wir sind nicht bereit oder verpflichtet, an Streitbeilegungsverfahren vor einer Verbraucherschlichtungsstelle teilzunehmen.</p>
<p>Quelle: <a href="https://www.e-recht24.de">e-recht24.de</a></p>
<p>[/et_pb_text][/et_pb_column][/et_pb_row][/et_pb_section]</p>

<p>ImpressumNutz- und ZuchtviehSchlachtviehAngeboteAktuellesÜber unsImpressum Wehr GmbH Nutz- und SchlachtviehhandlungDr. Boer Straße 397215 UffenheimHandelsregister: HRB 4961Registergericht: Amtsgericht Führt Vertreten durch:Hans Georg WehrAnne Wehr Kontakt Telefon: 09842 404E-Mail: info@wehrgmbh.de Umsatzsteuer-ID Umsatzsteuer-Identifikationsnummer gemäß § 27 a Umsatzsteuergesetz: DE 812 009 011 Angaben zur Berufs­haftpflicht­versicherung Name und Sitz des Versicherers:R+V Versicherung Volker Grünes, 97215 Uffenheim Verbraucher­streit­beilegung/Universal­schlichtungs­stelle Wir sind nicht [&hellip;]</p>
